5?
1
In base 9, what is 22 + -737?
-715
In base 9, what is 4526 - -5?
4532
In base 10, what is -1545 + 12?
-1533
In base 10, what is -5 + 307?
302
In base 4, what is 1 - 1202?
-1201
In base 5, what is 2223 - 22?
2201
In base 15, what is -1 - -ba?
b9
In base 3, what is 10002120 + -11?
10002102
In base 12, what is -12 + -b1?
-103
In base 15, what is 14 + -30?
-1b
In base 14, what is -2 + -623?
-625
In base 13, what is -154 + -10?
-164
In base 6, what is 0 - 3433?
-3433
In base 7, what is 11 - 251?
-240
In base 6, what is 12255 + -4?
12251
In base 16, what is -1c7 - 7?
-1ce
In base 12, what is b7 - -5?
100
In base 7, what is -3 + -134?
-140
In base 7, what is -2 + 16?
14
In base 13, what is -272 + 3?
-26c
In base 12, what is -107 - -21?
-a6
In base 11, what is -4 - 187?
-190
In base 14, what is 0 + 12b?
12b
In base 16, what is -26c5 - 3?
-26c8
In base 3, what is -222 + 12?
-210
In base 9, what is 2267 - -2?
2270
In base 2, what is 1000 + -10110?
-1110
In base 2, what is -101 + 11?
-10
In base 16, what is -1fc - 2?
-1fe
In base 10, what is 1 - 234?
-233
In base 14, what is -2784 + -2?
-2786
In base 9, what is -2553 + 5?
-2547
In base 2, what is -100000 + -11?
-100011
In base 8, what is -403 + 0?
-403
In base 12, what is 1 - 1954?
-1953
In base 8, what is 5 - 367?
-362
In base 5, what is 3121 - 4?
3112
In base 4, what is -1 + 101?
100
In base 8, what is -6 - -2000?
1772
In base 15, what is -8 + -2?
-a
In base 2, what is -111111110 + 11000?
-111100110
In base 5, what is 42210 + 10?
42220
In base 12, what is 1 + 169?
16a
In base 2, what is -11 - -1011101?
1011010
In base 13, what is 153 - 26?
12a
In base 9, what is 1 + 1212?
1213
In base 14, what is 0 + 96b?
96b
In base 16, what is 71 + -5?
6c
In base 13, what is 70 + 1c?
8c
In base 2, what is 100000111110 - -11?
100001000001
In base 12, what is 0 - -177b?
177b
In base 16, what is -8 + -c?
-14
In base 2, what is 1 + 11111?
100000
In base 15, what is 16 - 80?
-69
In base 13, what is -6c8 + -1?
-6c9
In base 10, what is 7 + -587?
-580
In base 5, what is 1 + -12431?
-12430
In base 7, what is -10 + 11?
1
In base 5, what is -2 + 240?
233
In base 15, what is 96b - -1?
96c
In base 13, what is 16825 - -1?
16826
In base 12, what is 7 + -21?
-16
In base 14, what is 1 - 29?
-28
In base 7, what is 200 - 1?
166
In base 9, what is -1 + 370?
368
In base 8, what is -14 - -243?
227
In base 13, what is 2 + -47a7?
-47a5
In base 7, what is -42 + -3?
-45
In base 14, what is 2cc + 5?
2d3
In base 11, what is 0 - -200?
200
In base 16, what is 17 + 4?
1b
In base 4, what is -13103 - 21?
-13130
In base 10, what is -1 - 36?
-37
In base 5, what is 1240 - -10?
1300
In base 6, what is -3 - -425?
422
In base 12, what is 2 + 7?
9
In base 16, what is 10e + -5?
109
In base 16, what is a7 - 5?
a2
In base 16, what is -108d - -2?
-108b
In base 11, what is 7 - 53?
-47
In base 14, what is 0 - 122?
-122
In base 13, what is -5c + -5?
-64
In base 16, what is 6b - -2?
6d
In base 8, what is -40 + 2?
-36
In base 16, what is c8 + -d?
bb
In base 13, what is 5b27 + -4?
5b23
In base 15, what is 6 + -9e?
-98
In base 12, what is -3372 + -4?
-3376
In base 2, what is 100 + 1000111?
1001011
In base 4, what is 2213 + -11?
2202
In base 7, what is 45 - 6?
36
In base 8, what is 4 + -324?
-320
In base 3, what is -211 + -1200?
-2111
In base 4, what is -100221 - 33?
-100320
In base 5, what is -1420 + 31?
-1334
In base 11, what is 110 - 0?
110
In base 16, what is -3 - -1b7e?
1b7b
In base 9, what is -10 - -1383?
1373
In base 14, what is -4cc + 4?
-4c8
In base 16, what is 0 - 1e?
-1e
In base 14, what is -13 + -28?
-3b
In base 10, what is 68 - -3?
71
In base 7, what is 166 + -2?
164
In base 6, what is -2 - 5?
-11
In base 7, what is 64 - 150?
-53
In base 6, what is 454 + -1?
453
In base 16, what is -f + -2?
-11
In base 3, what is 1020 + 20?
1110
In base 5, what is -310 - -10?
-300
In base 2, what is 10 - 111100?
-111010
In base 10, what is -5 - -3996?
3991
In base 15, what is 3 - -108?
10b
In base 6, what is -510 - -10?
-500
In base 13, what is 2 + -51?
-4c
In base 15, what is 5 + -2a18?
-2a13
In base 11, what is -57 - -4?
-53
In base 3, what is -1102 - -1?
-1101
In base 8, what is 241 - 4?
235
In base 9, what is 8 - -4?
13
In base 15, what is -5 - -b3?
ad
In base 9, what is 66 + -23?
43
In base 6, what is -1224 + -1?
-1225
In base 10, what is -96 + -1?
-97
In base 14, what is d - 13?
-4
In base 15, what is d - 72?
-64
In base 7, what is 3 - 664?
-661
In base 7, what is 5230 + 3?
5233
In base 14, what is 211 + -3?
20c
In base 9, what is 13 - -711?
724
In base 6, what is 0 - -2204?
2204
In base 6, what is 50315 - -5?
50324
In base 3, what is -11 - -12222201?
12222120
In base 9, what is 7008 + 1?
7010
In base 5, what is 1320 + -1?
1314
In base 15, what is 0 - 5d7?
-5d7
In base 8, what is 111 - -10?
121
In base 13, what is -4 - -971?
96a
In base 15, what is 317 - 1?
316
In base 7, what is -156610 + 5?
-156602
In base 7, what is 22 - -124?
146
In base 12, what is 8a7 - 1?
8a6
In base 13, what is -14 - 3?
-17
In base 12, what is -4 + a?
6
In base 9, what is -5 - -1274?
1268
In base 9, what is -1 - -124?
123
In base 3, what is 111110 - 12?
111021
In base 15, what is 0 + 32?
32
In base 14, what is 3 - -427?
42a
In base 13, what is 3 + -3a?
-37
In base 14, what is -17c - -4?
-178
In base 10, what is -3 + -971?
-974
In base 8, what is 0 + 33?
33
In base 15, what is -5 + 1d?
18
In base 11, what is -a - -896?
887
In base 11, what is 0 - -38?
38
In base 5, what is -1302 - 41?
-1343
In base 10, what is -35 - -269?
234
In base 5, what is -4 - 14?
-23
In base 4, what is 10 + 100131?
100201
In base 13, what is -cc3 + -6?
-cc9
In base 10, what is -5 + 5?
0
In base 4, what is -1131010 + 3?
-1131001
In base 14, what is 330 + -12?
31c
In base 6, what is 15 - 51?
-32
In base 14, what is -4 - -dd?
d9
In base 11, what is a6 + 3?
a9
In base 15, what is 5 - -86?
8b
In base 2, what is -1000001 + 10?
-111111
In base 13, what is -67 - -20?
-47
In base 15, what is -5 + -2a74?
-2a79
In base 9, what is -5 + -1287?
-1303
In base 5, what is 13 - -1214?
1232
In base 16, what is -1434 - -1?
-1433
In base 4, what is -10 + -1010?
-1020
In base 7, what is -4 + -6?
-13
In base 14, what is -4d + -26?
-75
In base 16, what is -34 - 6?
-3a
In base 8, what is 56 + -5?
51
In base 2, what is 1 - -111111?
1000000
In base 10, what is 0 - 1782?
-1782
In base 12, what is 4 + -35?
-31
In base 7, what is -14 - 3?
-20
In base 11, what is 6 - 26?
-20
In base 8, what is 1 + -1452?
-1451
In base 12, what is a4 - -36?
11a
In base 8, what is -13610 + 4?
-13604
In base 2, what is 1 + 1010010?
1010011
In base 3, what is -1101101 + -2?
-1101110
In base 3, what is 0 + -1012?
-1012
In base 5, what is 0 + 11322?
11322
In base 15, what is -5 + -238?
-23d
In base 14, what is -143c - -3?
-1439
In base 7, what is 0 + 446?
446
In base 13, what is 0 + -11?
-11
In base 3, what is -110001 - -21?
-102210
In base 15, what is -8 - -d2e?
d26
In base 11, what is -32 + 4?
-29
In base 2, what is 1000011 - -100001?
1100100
In base 4, what is -10 - 20212?
-20222
In base 9, what is 36 - -8?
45
In base 2, what is -1010110101 - -101?
-1010110000
In base 9, what is 356 - -1?
357
In base 14, what is 10 + d?
1d
In base 13, what is 17 - -10?
27
In base 13, what is -4 + 73?
6c
In base 2, what is -11101 + -1001001?
-1100110
In base 9, what is 0 - 134?
-134
In base 13, what is -110 + 1?
-10c
In base 4, what is 23312 + 101?
30013
In base 10, what is -262 + -140?
-402
In base 16, what is 18 + 4?
1c
In base 8, what is -13 + 2234?
2221
In base 12, what is -2a8 + -3?
-2ab
In base 14, what is c + -1?
b
In base 3, what is 121122 + 12?
121211
In base 15, what is -1e + -37?
-56
In base 5, what is 14 + 230?
244
In base 11, what is -64a - 4?
-653
In base 13, what is -1 - 23?
-24
In base 12, what is 2 - a6?
-a4
In base 12, what is 0 + 3b?
3b
In base 8, what is -2 - -3750?
3746
In base 7, what is -5 - -2415?
2410
In base 15, what is -2 - 4?
-6
In base 13, what is 8 - -17b?
186
In base 12, what is -817 + 2?
-815
In base 11, what is 8 - -38?
45
In base 7, what is 2 - 1?
1
In base 5, what is -13031 - -1?
-13030
In base 10, what is -61 - 11?
-72
In base 7, what is -101663 - 0?
-101663
In base 10, what is -20977 - -2?
-20975
In base 8, what is 671 + 0?
671
In base 15, 